g*f + 11 = 3*d, d - 17 = -2*d + 2*f. Let n(w) = -w + 2. Give n(d).
-3
Suppose 0 = -10*d + 89 - 49. Let r(f) be the second derivative of f**4/12 - f**3/2 - 2*f**2 + f. What is r(d)?
0
Let w(h) be the first derivative of h**2/2 - 3. Let k(c) = -7*c - 3. Let o(d) = k(d) + 6*w(d). What is o(-4)?
1
Let x(i) = i**3 - i**2 - i. Let n be x(-1). Let q(p) be the third derivative of -3*p**4/8 - 5*p**2. Determine q(n).
9
Let u(g) = 5*g**2 + 1 - 4*g - 2*g + g + g**3. Let i be u(-6). Let j(n) = n**3 + 5*n**2 + n + 2. Calculate j(i).
-3
Let g = 13 - 9. Let o(i) = -i**3 + 3*i**2 + 2*i + 5. Calculate o(g).
-3
Let r(o) = o**2 - o - 3. Let m be r(3). Let q be 2*8/(-12)*m. Let x(h) = h**2 + 2*h + 1. Determine x(q).
9
Let x(z) = 7*z**3 - 6*z**2 + 2*z - 13. Let s(f) = -f**3 + f + 1. Let h(g) = -6*s(g) - x(g). Suppose -5*p + 9 = -4*b, -2*p - 2*b - 2 = -5*b. What is h(p)?
-8
Let l(i) be the second derivative of -i**4/6 - i**3/6 - i**2/2 + i. Let d(t) = t - 6. Let u be d(7). Let n = 0 - u. What is l(n)?
-2
Let g = 0 + 4. Suppose g*r - 5*r - 2 = 0. Let o(n) = -2*n - 1. Determine o(r).
3
Let i(y) = 2*y + 4 - 5 - 3. Give i(3).
2
Suppose -4*o = -2*o. Suppose -3*h + 9 = -o. Suppose 3*d = t + 19, 0 = -h*d - 5*t + 2 - 7. Let i(s) = -s + 5. Determine i(d).
0
Let m(y) be the first derivative of -8*y - 1 - 1/4*y**4 + 7/3*y**3 - 2*y**2. Let u(g) = g**2 - 25*g - 48. Let h be u(27). Give m(h).
4
Let l(m) = -m**2 - 2*m + 4. Let j be l(-3). Let u(t) = t**3 - t**3 + 7*t**2 + 4*t**3 - 6*t**2. What is u(j)?
5
Let r(b) = -b + 7. Let m be r(5). Let l(a) = a**3 - 3*a**2 + a + 3. Let o = -1 + 2. Let y(w) = w - 1. Let q(c) = m*y(c) + o*l(c). What is q(3)?
10
Let j be 6 + -1 - 2/1. Suppose j*i - 5 = 1. Suppose -25 = 3*o + i*o. Let p(c) = c**2 + 4*c - 5. What is p(o)?
0
Let s(o) = o**2 + 7*o + 4. Let i(d) = d**2 - 10*d + 2. Let v be i(10). Suppose -v*x - 9 + 1 = 0, -x - 9 = m. Determine s(m).
-6
Let c(h) = h**3 + 2*h + 2. Suppose -7*v + 4 - 18 = 0. Calculate c(v).
-10
Let q(z) = z**2 - 9*z - 9. Let n(p) = -p**2 + p + 1. Let s(r) = -2*n(r) - q(r). Give s(-6).
1
Let i(j) = -j**3 + 5*j**2 - 4*j + 5. Let b(q) = q**3 + 5*q**2 - 6*q + 4. Let y be b(-6). Suppose -y*d + 36 = -d. Suppose 3*s + 0*s = d. What is i(s)?
5
Suppose -3*i - 4*s + 8*s = -8, -5*i - 2 = s. Suppose 5*m = b - 14, m + 13 = 4*b - 5. Let p(a) = -9 - b*a - a + 4*a. Calculate p(i).
-9
Let y(m) be the second derivative of m**4/12 - m**3 - 5*m**2/2 - 8*m. What is y(5)?
-10
Let g = 0 + 1. Let p(i) = 12*i - 1 - 2*i**2 + 3*i**3 + 0*i - 10*i. Give p(g).
2
Let z(l) = -l**2 + 3*l - 3. Let i = -5 - -7. Suppose 0 = 3*p + 2*d - i, 5*p = -5*d. Let q be p/(-11) - (-35)/11. Determine z(q).
-3
Suppose 4*m - 2 - 26 = 0. Suppose -4*d + 13 = -m. Let z(h) = 6 - h**2 - 4 + 2*h**2 + d*h. What is z(-5)?
2
Let n(i) = 4*i**2 - 3*i - 5. Let p = 9 - 20. Let a(o) = -12*o**2 + 8*o + 14. Let u(c) = p*n(c) - 4*a(c). What is u(-2)?
13
Let c(z) = -2*z**3 - z**2 - 2*z - 1. Suppose -2*o + 8 - 19 = y, -5*y - 20 = 3*o. What is c(y)?
2
Let x(l) = l**3 - l + 18. Let o = 173 - 173. Calculate x(o).
18
Let q(a) = -a**3 - 8*a**2 - 2*a + 8. Let v(k) be the first derivative of -k**4/4 - 7*k**3/3 - k**2/2 + 7*k - 1. Let o(d) = 3*q(d) - 4*v(d). Calculate o(-4).
4
Let o(b) = -b**3 - 6*b**2 - 4*b + 7. Let w be o(-5). Let k(c) = 0 - 4*c**3 - w*c - 2 + 1 + 3*c**3 - 2*c**2. What is k(-1)?
0
Let y be -12 + -1 + 3 + 0. Let f(b) = -b**2 - 8*b. Let o be f(-5). Let s = y + o. Let v(m) = m - 6. Calculate v(s).
-1
Let f(b) be the third derivative of b**7/168 + b**6/360 - 7*b**3/6 + 10*b**2. Let q(r) be the first derivative of f(r). Calculate q(1).
6
Let x(y) = y**3 - 6*y**2 + 6*y - 5. Suppose 2*m + 3*c = 6*m - 17, 0 = 4*m - 4*c - 16. Give x(m).
0
Suppose -4*d + q = -22, -3*d + 4*d = 2*q + 9. Let v(n) = -n**2 + 2*n + 6. What is v(d)?
-9
Let v(c) = 2*c**2 + 0*c + c - 2 - 2*c**3 + c. Let g be ((-2)/6)/((-4)/36). Let n = g - 1. Determine v(n).
-6
Let w(a) = -7*a**3 - a**2 - 11*a + 7. Let n(b) = -6*b**3 - 10*b + 6. Let i(o) = -6*n(o) + 5*w(o). Give i(4).
3
Suppose 2*j + 11 = -0*i + 3*i, 0 = -4*i + 12. Let y be 1*j*16/(-8). Suppose -o = 5*t - 13, y*t + 8 = 5*o - 3. Let m(z) = -z**2 - 2*z + 2. Calculate m(t).
-6
Let n(c) be the third derivative of -c**7/5040 - c**6/360 - c**5/60 - c**2. Let q(g) be the third derivative of n(g). Let y be -10 + 10 - 1*2. Give q(y).
0
Let q(r) = r**3 - 4*r**2 - 5*r + 4. Suppose 47*v + 25 = 52*v. What is q(v)?
4
Let s(y) be the first derivative of -y**3/3 - 3*y**2 - 1. Calculate s(-5).
5
Let k be (-5)/20 - 5/(-4). Let l(c) = 7*c + c + 1 - 9*c + k. Let j be 1*(3 - 2) - -1. Calculate l(j).
0
Let h(z) be the second derivative of -z**5/20 - z**4/12 + z**2/2 - z. What is h(-1)?
1
Let r(l) = 3*l**3 + 18*l**2 - 22*l - 4. Let j be r(-7). Let y(o) = 0*o - o + o**3 - o**2 - 2*o**2 - 4. Calculate y(j).
-7
Let y(g) = -4*g**2 - 2 + 4*g - g - 6*g + g**3 + 7. What is y(4)?
-7
Let g be (-2)/6 - (33/9 - 3). Let p(q) = -12*q - 1. Give p(g).
11
Let x = 137 + -95. Suppose 7 + x = 7*r. Let f(s) = s**3 - 6*s**2 - 8*s. Give f(r).
-7
Let h(k) = -2*k**2. Let f(x) = -3*x**2 - 1. Let g = 0 + -4. Let s(v) = g*h(v) + 3*f(v). What is s(0)?
-3
Let p = -9 + 17. Let u(c) = c**2 - 9*c + 7. Let r be u(p). Let v(x) = -8*x. What is v(r)?
8
Let b(w) be the first derivative of -w**2/2 + 10*w + 41. What is b(6)?
4
Let n(m) be the second derivative of m**5/20 + m**4/12 - m**2/2 - m. Let w(x) = 4*x**3 - x**2 - x - 11. Let h(s) = 5*n(s) - w(s). What is h(-6)?
0
Let g(v) = -20 + 6 + 9 + 7 + v + v**2. What is g(2)?
8
Let u be (2 - -1)*12/(-18). Let d be 9/(-6) - u/4. Let f(h) = -2*h**3 + 2*h**2 + 2*h + 1. What is f(d)?
3
Suppose -1 = a - 11. Suppose -5*s + a = 4*q - 2, q - 3 = -4*s. Suppose 0 = -f - s*f. Let x(n) = -n**2 - n - 4. Calculate x(f).
-4
Let b(n) = -2*n**3 + 2 + 5*n**2 + 0*n**3 + n**3. Suppose 0 = -2*x + 4*z + 20, -x - 5*z = 13 - 2. Suppose 2*w + x*s = 2, 4*w - 12 = -s + 6. Determine b(w).
2
Let d(o) = -o**3 - o**2 - 2*o - 3. Let y be -2 + -6*1/(-3). Suppose y*x + x = -4*n - 4, 2*n = -2*x + 4. Determine d(n).
5
Suppose -3*k + 46 = -119. Let w = k - 27. Suppose -c = p + 4*p - 10, 0 = -p + 5*c + w. Let s(g) = g**3 - 5*g**2 + 3*g. Give s(p).
-9
Let z = -6 - -8. Let y(f) = f**2 + 0*f**z + f + 4 + 3*f. Determine y(-3).
1
Let c(s) = -s + 5. Let p(z) = z**2 - 8*z - 5. Let k be p(9). Suppose 3*y - 48 = -0*y + k*h, -h = -3. Suppose -y = -2*w - i + 5*i, 4*i + 8 = 0. Determine c(w).
-1
Let c(z) = -z**3 + 13*z**2 - z + 14. Let s be c(13). Let a(b) = 11*b**2 - 2*b + 1. Determine a(s).
10
Let v = -45 - -41. Let l(f) be the second derivative of -f**3/6 - 2*f. Determine l(v).
4
Let c(b) = -4*b - 5. Let t(w) = w**3 - 4*w**2 - 3*w + 7. Let u be t(4). Determine c(u).
15
Let c(g) = -3*g + 6. Let v be -14 + (-1 - -2) - 2. Let k be (12/(-10))/(2/v). Let o = k - 5. What is c(o)?
-6
Let p be 3/(-2 - (-5)/4). Let z(t) = t**2 + 6*t + 6. Let k be z(-5). Let m(s) = k + 0 + s - 2. Calculate m(p).
-5
Suppose 6*d = 7*d + 3. Let f(h) = -h + 1. Determine f(d).
4
Let g(x) = -x**3 - 5*x**2 + x + 6. Suppose -6*r + 0 = 30. Determine g(r).
1
Let r(w) be the third derivative of -w**6/120 + w**5/60 + w**4/24 + w**3/2 - 8*w**2. Calculate r(3).
-12
Let u(p) be the second derivative of -p**7/280 + p**6/360 - p**5/60 + p**4/24 - p**3/6 + 2*p. Let i(y) be the second derivative of u(y). Calculate i(1).
-3
Let x(p) = -21*p - 4. Let r(o) = -5*o - 1. Let g(y) = 9*r(y) - 2*x(y). Let k be (-2)/(-6) + 2/3. What is g(k)?
-4
Let m(u) = 15*u**2 - 1. Let y(w) = 76*w**2 - w - 6. Let x(k) = -11*m(k) + 2*y(k). Give x(-1).
-12
Let x(c) = c**3 + 6*c**2 + 5*c + 5. Let o be x(-4). Let m(g) = -7*g + o*g - 8*g. Calculate m(2).
4
Let f(l) = -2*l - 7*l + l**3 - 4*l**2 - l**2 + 9. Let x = -23 - -29. Determine f(x).
-9
Let i(w) = 16*w + 6. Let x(a) = -3*a - 1. Let k(r) = -6*i(r) - 33*x(r). Let h(o) = 3*o + 13. Let m be h(-3). Give k(m).
9
Let d be ((-6)/(-4) + -2)*0. Suppose -a = -d*a. Let s(t) = t**2 + 7. Determine s(a).
7
Let m(v) be the first derivative of v**4/4 + v**3 + v + 15. What is m(-4)?
-15
Let o(a) = -a + 7. Suppose -2 = r - 4*q - 0, 3*r = -5*q + 28. Calculate o(r).
1
Let c(w) = -w**3 + 4*w**2 + 3*w - 6. Let a(u) = -u - 3. Let t be a(11). Let r be 6/(-21) - 60/t. Calculate c(r).
6
Let l(n) = -n**3 - 5*n**2 + 2*n + 5. Let q = -3 + 12. Let m(a) = -5*a - 3.